*2 + j*m**3 - 6*m + m**2. What is z(6)?
7
Let h(t) be the second derivative of -t**5/20 - t**4/4 + t**3/3 - 5*t**2/2 - 10*t. Suppose 0 = -4*r + 3*z - 13, -2*r + 0*z - 4*z = 12. Determine h(r).
3
Let o be (4/2)/(-2) + 1. Let m(t) = -t - 6 + 0*t**2 + 2*t**3 - t**2 - 2*t**3 + t**3. Determine m(o).
-6
Let h(g) be the second derivative of -g**5/20 + 2*g**4/3 - 7*g**3/6 + g**2/2 - 5*g. Determine h(7).
1
Let y(u) = 6*u + 1. Let q be y(-1). Let d(p) = -2 + 3*p - 1 + 10. Give d(q).
-8
Let x(f) = -f**3 - 3*f**2 - 4*f - 2. Let c be x(-2). Suppose -5*q = c - 7. Let m(g) = 0 + 6*g + 0. What is m(q)?
6
Let g(y) = 2*y + 9. Let o(k) = 2*k + 9. Let h(x) = 5*g(x) - 4*o(x). Suppose -10*a + 12 = -12*a. Calculate h(a).
-3
Let d(j) = -j - 14. Let b(s) = 9*s + 2. Let k be b(-1). Give d(k).
-7
Suppose -16 + 0 = 4*a. Let o(r) = 2*r**2 + r - 1. Let l be o(1). Let c(j) = l*j + 3*j + 1 - 6*j. Give c(a).
5
Let y(a) = -7*a + 2. Let p(i) = 0 - 1 + 2 + 0 - 4*i. Let q(l) = -5*p(l) + 3*y(l). Let b be (-6)/15 + (-2)/(-5). Give q(b).
1
Let l(k) = 6*k**2 + k + 1. Let t(s) = 11*s + 32. Let b be t(-3). What is l(b)?
6
Let k(y) = y**3 - 2*y**2 - y. Suppose -3*p + 11 = 5*n - 6*p, -5*p + 19 = n. Let h be ((-2)/(-4))/((-2)/4). Let q = n + h. Give k(q).
6
Let l = -1 - -3. Let d(i) = -2*i**l + 3 + 3*i**2 - 6*i - 2 - i. Suppose 0 = 4*w - 4*m - 20, 2*m = 2*w - 3*m - 10. Give d(w).
-9
Let d(a) be the second derivative of a**4/12 + a**3/6 - a**2/2 - 17*a. Determine d(0).
-1
Let f be 4/6 - (-10)/(-15). Let t(n) = -4*n + 2*n + f + 4. Give t(3).
-2
Let w(n) = -11*n**2 - 2*n + 1. Suppose -a - 20 = 4*f - 1, -f = 4*a + 1. Determine w(a).
-12
Let u(o) be the third derivative of -o**5/60 + 7*o**4/24 + o**3/6 - 29*o**2. Determine u(6).
7
Let c(q) = q**3 - 1 + 0*q**2 - 3*q - 2 - 2*q**2 + 7*q. Determine c(2).
5
Let z(k) = 1 - 4*k**2 - 11*k**3 - 2 + k + 12*k**3. Determine z(4).
3
Let n(o) = -o**3 + o**2 - 2*o + 1. Let j(r) = -4*r**3 + 5*r**2 - 11*r + 7. Let s(h) = j(h) - 5*n(h). Give s(2).
8
Let z(y) = 0*y**3 - 7*y**2 + 7*y + y**3 - 2*y**2 + 5. What is z(8)?
-3
Let u(p) = -p**2 + 4*p - 3. Let n(k) = -k**3 - 3*k**2 + k + 1. Let h(c) = c**2 + 6*c + 5. Let g be h(-4). Let j be n(g). Let b = 5 + j. What is u(b)?
0
Suppose 420 = n + 4*n. Let v be n/9*9/6. Suppose -v = -0*r - 4*r + 3*a, r - 4 = a. Let d(c) = -c**3 + 2*c**2 + c. What is d(r)?
2
Let z be (-6)/(-10)*(-30)/(-3). Let v(i) = i**2 - 6*i + 8. Determine v(z).
8
Let o = -1 - -1. Let k(a) = 3*a - 41. Let m(n) be the second derivative of -n**3/6 + 7*n**2 + 4*n. Let t(q) = -6*k(q) - 17*m(q). Give t(o).
8
Let a(m) = m + 10. Let r be a(-6). Let l(p) = p**3 - 1 - r*p + 2 - 2*p**2 + 3*p**2. Let t be (-2)/(3/((-18)/(-4))). What is l(t)?
-5
Let m(t) = t**3 + 12*t**2 + 2*t + 18. Let d be m(-12). Let b(h) = h + 12. Give b(d).
6
Suppose -x - 4*x = 3*s - 29, 3*s = -x + 13. Suppose 0 = x*i + 3 + 21. Let w(b) = -3*b - 7. Calculate w(i).
11
Let d be (6/3)/2*1. Let x(g) = 2 - 4*g + 2*g + d + g. Calculate x(5).
-2
Let l(i) = -3*i**2 - i - 13. Let x(k) = -4*k**2 - 2*k - 12. Let j(v) = -3*l(v) + 2*x(v). Determine j(0).
15
Let z be ((-12)/(-14))/(1/7). Let p = 11 - z. Let t(f) be the first derivative of f**3/3 - 5*f**2/2 + 4*f + 28. Give t(p).
4
Let q(l) = -l**3 + 3*l**2 - 1. Let s(h) = -2*h**3 - 3*h**2 - 2*h. Let j be s(-1). Calculate q(j).
1
Let h be (37 - -1)*(-2)/(-4). Let p(r) = -r**2 + 20*r - h*r - 4 - 2*r**2 + 2*r**2. Give p(0).
-4
Let d(p) = -p**3 - 4*p**2 + 4*p + 2. Suppose 2*n + 2*n = 2*m + 30, -3*m = -4*n + 35. What is d(m)?
7
Let x(b) = -b**3 - 4*b**2 + 6*b + 5. Suppose -4 + 12 = -4*g. Let t be (-2)/g + (-2)/(-1). Suppose 25 = -2*w - t*w. Calculate x(w).
0
Suppose 6*h + 5 = -19. Let m(i) = 5*i**3 + i**2 - 9*i - 4. Let z(o) = -4*o**3 + 8*o + 3. Let x(r) = 5*m(r) + 6*z(r). Calculate x(h).
2
Let v(p) = -3*p + 11. Let h be (1 - (0 - 0)) + (-1 - -10). Calculate v(h).
-19
Let v(c) = c**2 - c - 1. Let n be v(-2). Suppose -2*a + 0*a - 21 = 5*z, -n*a + 4*z = -30. Let l(s) = a - 1 + 1 + s**3 - s**2 + 0. Give l(-2).
-10
Let j(f) = 4*f + 1 - 2*f**2 + 0 - 4. Determine j(2).
-3
Let h(v) = -3*v - 2*v + 6*v + 2*v. Determine h(1).
3
Let q(n) = 2*n**3 + n**2 + 2*n - 3. Let i(o) = -o**2. Let m(k) = 4*i(k) + q(k). Let a = 20 - 18. Give m(a).
5
Let z be (-3)/12*(1 - (3 - -2)). Let f(n) be the third derivative of -n**6/60 - n**5/60 + n**4/24 - 2*n**2. Determine f(z).
-2
Suppose 4*r - 13 = -5. Suppose 3*c - 5*l = 2*c + 22, 0 = r*c + l. Let h(s) = c*s + 3 - 1 - 4. What is h(2)?
2
Suppose 5*g - 282 - 183 = 0. Suppose k = 6*k - 4*p - g, 3*k - 4*p - 59 = 0. Suppose 2 = 2*s - 4, k = -f + 5*s. Let q(h) = 2*h + 3. Calculate q(f).
-1
Suppose 5*c + 6 + 9 = 0. Let x(l) = 2*l**2 + 5*l + 2*l**2 - 3*l**2. What is x(c)?
-6
Let k(w) = -w - 2. Let c(m) = -3*m - 10. Let j(h) = c(h) - 2*k(h). Calculate j(0).
-6
Let y be (-2)/(-6) + 40/24. Let l(k) = k**3 + 2*k**2 - y*k**3 + 6 - k**2. Determine l(0).
6
Suppose 0 = -0*r + 6*r - 18. Let n(v) = -v**3 + 4*v**2 - v - 3. What is n(r)?
3
Let s = 2 + -5. Let d(p) = 3*p**2 + 4*p - 4. Let z be d(4). Let q(b) = -61*b**2 + 4 + 2*b - 4*b + z*b**2. Calculate q(s).
1
Let w be 12 - 3/(-6)*-4. Suppose 6*p - p - w = 0. Let a(v) = v - 1. Give a(p).
1
Let a(s) = 4*s**3 - 2*s**2 - 5*s + 2. Let q(c) = -3*c**3 + 2*c**2 + 6*c - 3. Let i(y) = 4*a(y) + 3*q(y). Give i(-1).
-8
Let b(l) = 2*l**2 + l**2 - 3*l**2 - 21*l**3 + l**2. Give b(1).
-20
Let a = -3 - -10. Suppose 2*t + 20 = a*t. Let j(d) = d**2 - 6*d + 1. What is j(t)?
-7
Suppose 2 = r - 2*r. Let s be 3 + (r - (1 - 1)). Suppose -m - s = 2, -6 = -3*b + 4*m. Let w(v) = -v**3 - 2*v**2 - 4*v - 3. What is w(b)?
5
Let v(l) = -2*l + 38. Let a be v(22). Let j(h) = -h**3 - 7*h**2 - 7*h + 1. Determine j(a).
7
Let m(u) = -6*u**2 + 5*u + 10. Let j(o) = o**2 + 5*o + 1. Let v be j(-6). Let s(y) = 5*y**2 - 5*y - 9. Let a(r) = v*s(r) + 6*m(r). Determine a(-3).
3
Let s(r) = -2*r**3 - 12*r**2 + 4*r + 1. Let j(d) = -3*d**3 - 13*d**2 + 5*d. Let a(h) = -3*j(h) + 4*s(h). Give a(9).
13
Let z = 31 - 28. Let p(h) be the third derivative of h**6/720 - h**5/20 - h**4/24 + h**2. Let c(t) be the second derivative of p(t). What is c(z)?
-3
Let n be (2 + -2)/(5 + -3). Suppose 5 + 11 = -k + 5*y, -2*k - 3*y + 7 = n. Let o = 0 - k. Let w(m) = 4*m**2 - 2*m + 1. What is w(o)?
3
Let p(n) be the second derivative of -n**3 + 0 - 1/12*n**4 - 5*n - 3*n**2. Determine p(-5).
-1
Let l(b) = -b**2 + 7*b + 3. Suppose -3*v - 5*p = -21, v + 21 = 4*v + p. Determine l(v).
3
Let i(c) = 2 - 3 + 54*c - 55*c. Calculate i(-6).
5
Let y be (8 + -5)/(3/(-4)). Let d be 2/y*(0 - -4). Let h(c) = 2*c**3 + 3*c**2 + 3*c + 1. Calculate h(d).
-9
Let d(u) = u**3 - 5*u**2 + 2*u - 2. Let f(l) = 3*l - 17. Let j(v) = -2*v + 9. Let c(t) = 3*f(t) + 5*j(t). Let q be c(-10). What is d(q)?
-10
Let z be (-3)/2 - (-135)/(-18). Let k(j) = j**3 + 10*j**2 + 8*j - 1. Calculate k(z).
8
Let s(g) = -5*g**2 + g**2 - 2 - g**3 + 2*g**3. Let d(p) = -4*p**3 - p**2 + 1. Let y be d(-1). Determine s(y).
-2
Let t be (1/(-3 + 4))/(0 - -1). Let w(m) = 6*m + 1. What is w(t)?
7
Let x(w) = 3*w**2 + 5 + w - 3*w**3 + 4*w**3 + w**2. Let c(y) = 2*y + 2. Let g be c(-3). Calculate x(g).
1
Let w(k) = -k**2 - k. Let u(i) = -9*i**3 + 5*i**2 + 5*i + 1. Let m(s) = u(s) + 4*w(s). What is m(-1)?
10
Let z(t) = t**3 - 2*t**2 - 2*t - 1. Suppose -q - 3 = r, 2*q + 8 = -r - 0*q. Suppose -r = -2*a - 4. Give z(a).
-2
Let u be (-3)/3 - -2*2. Let p(c) = 5 + u*c - c - c**3 + c**2 + 7 - c. What is p(0)?
12
Let w(r) = -7*r**2 - 3*r - 1. Let y(m) = -13*m**2 - 7*m - 3. Let g(b) = 5*w(b) - 2*y(b). What is g(1)?
-9
Let m(k) = 3 + 0*k + 2*k - 3*k. What is m(-4)?
7
Let y(h) = -3*h**2 + 2*h + 5. Let a(q) be the second derivative of -q**4/3 + q**3/6 + 3*q**2 - 3*q. Let l(m) = -4*a(m) + 5*y(m). Calculate l(-3).
-8
Let g(a) be the second derivative of a**4/12 + 2*a**3/3 + 5*a**2/2 + 5*a. Let m be g(-4). Let o(l) = -l + 7. What is o(m)?
2
Let s(j) be the first derivative of 10*j**3/3 - j**2 - j - 2. Suppose -7 = 5*g + 2*g. Determine s(g).
11
Let i(g) = g + 10. Let m be i(-11). Let n(k) = 3*k**2. Let r be n(m). Let j(x) = 3*x + 2. Give j(r).
11
Let q(o) = -4 + 6 - o + 4*o - 2*o. What is q(-8)?
-6
Let o(v) = 5*v + 2. Let h be (-28)/6 - (-2)/(-6). Let y = h - -7. Suppose -y*j - 3*q - 5 = 5, 2 = j - 2*q. Give o(j).
-8
Let r(u) = -2*u + 12 - 6*u - u**2 - 3 + 